{"id":1164,"date":"2023-09-18T14:52:10","date_gmt":"2023-09-18T21:52:10","guid":{"rendered":"https:\/\/ecenter.org\/?page_id=1164"},"modified":"2023-09-18T14:54:18","modified_gmt":"2023-09-18T21:54:18","slug":"oroville-gridley-head-start-services","status":"publish","type":"page","link":"https:\/\/ecenter.org\/es\/oroville-gridley-head-start-services\/","title":{"rendered":"Servicios de Head Start de Oroville-Gridley"},"content":{"rendered":"<div class=\"gb-container gb-container-3f682b62 gb-container-default\">\n<div class=\"gb-container gb-container-b31eedb1\">\n\n<figure class=\"gb-block-image gb-block-image-5ee76de1\"><img loading=\"lazy\" decoding=\"async\" width=\"300\" height=\"173\" class=\"gb-image gb-image-5ee76de1\" src=\"https:\/\/ecenter.org\/wp-content\/uploads\/2023\/09\/Head-Start-Logo-300x173.png\" alt=\"\" title=\"Logotipo de Head Start\" srcset=\"https:\/\/ecenter.org\/wp-content\/uploads\/2023\/09\/Head-Start-Logo-300x173.png 300w, https:\/\/ecenter.org\/wp-content\/uploads\/2023\/09\/Head-Start-Logo-18x10.png 18w, https:\/\/ecenter.org\/wp-content\/uploads\/2023\/09\/Head-Start-Logo-500x288.png 500w, https:\/\/ecenter.org\/wp-content\/uploads\/2023\/09\/Head-Start-Logo.png 600w\" sizes=\"auto, (max-width: 300px) 100vw, 300px\" \/><\/figure>\n\n\n\n<h1 class=\"gb-headline gb-headline-16c798a5 gb-headline-text gb-headline-hero-headline\">Servicios de Head Start de Oroville-Gridley<\/h1>\n\n<\/div>\n<\/div>\n\n<div class=\"gb-container gb-container-f7bd305b gb-container-callout\">\n<div class=\"gb-container gb-container-51eb91e3 gb-container-offset-left\">\n<div class=\"gb-container gb-container-ca573ad0 gb-container-default\">\n\n<h2 class=\"gb-headline gb-headline-28f8236f gb-headline-text\">En los Programas Base Hogar y Centro de Desarrollo Infantil 0-3, las familias aprenden sobre:<\/h2>\n\n\n\n<ul class=\"wp-block-list\">\n<li>Salud, nutrici\u00f3n y servicios sociales.<\/li>\n\n\n\n<li>Pr\u00e1cticas y estrategias de crianza positiva<\/li>\n\n\n\n<li>Compromiso familiar<\/li>\n\n\n\n<li>grupos de juego familiar<\/li>\n\n\n\n<li>Preparaci\u00f3n escolar<\/li>\n\n\n\n<li>Establecimiento de objetivos y actividades para alcanzar esos objetivos.<\/li>\n<\/ul>\n\n<\/div>\n<\/div>\n\n<div class=\"gb-container gb-container-66deeee5 gb-container-offset-right\">\n\n<figure class=\"gb-block-image gb-block-image-f96d157c\"><img loading=\"lazy\" decoding=\"async\" width=\"462\" height=\"616\" class=\"gb-image gb-image-f96d157c inset-left  gb-image-default\" src=\"https:\/\/ecenter.org\/wp-content\/uploads\/2023\/09\/CCTR_Pic.jpg\" alt=\"\" title=\"CCTR_Foto\" srcset=\"https:\/\/ecenter.org\/wp-content\/uploads\/2023\/09\/CCTR_Pic.jpg 462w, https:\/\/ecenter.org\/wp-content\/uploads\/2023\/09\/CCTR_Pic-225x300.jpg 225w, https:\/\/ecenter.org\/wp-content\/uploads\/2023\/09\/CCTR_Pic-9x12.jpg 9w\" sizes=\"auto, (max-width: 462px) 100vw, 462px\" \/><\/figure>\n\n<\/div>\n<\/div>\n\n<div class=\"gb-container gb-container-da7375c5\">\n<div class=\"gb-container gb-container-59787dd6 gb-container-default\">\n\n<h3 class=\"gb-headline gb-headline-0a370a04 gb-headline-text gb-headline-h2\">En el programa Head Start (de 3 a 5 a\u00f1os), los ni\u00f1os recibir\u00e1n los siguientes servicios:<\/h3>\n\n\n\n<ul class=\"wp-block-list\">\n<li>Preparaci\u00f3n escolar; compromiso familiar<\/li>\n\n\n\n<li>Salud, nutrici\u00f3n y servicios sociales.<\/li>\n\n\n\n<li>4-5 sesiones por semana<\/li>\n\n\n\n<li>Entorno educativo de alta calidad y lleno de diversi\u00f3n.<\/li>\n\n\n\n<li>Clases peque\u00f1as y alta proporci\u00f3n de personal por ni\u00f1o<\/li>\n\n\n\n<li>Aprendizaje pr\u00e1ctico<\/li>\n<\/ul>\n\n\n\n<h3 class=\"gb-headline gb-headline-54ba84b6 gb-headline-text gb-headline-h3\">\u00a1Bienvenido a 2 de los muchos centros que tenemos en el \u00e1rea del condado de Butte!<\/h3>\n\n\n\n<p>Si est\u00e1s interesado en aplicar <a href=\"https:\/\/ecenter.org\/es\/apply-for-services\/\" data-type=\"page\" data-id=\"18\">HAGA CLIC AQU\u00cd<\/a><\/p>\n\n<\/div>\n<\/div>\n\n<div class=\"gb-container gb-container-477ab178\">\n<div class=\"gb-container gb-container-c049e3e4 gb-container-default\">\n<div class=\"gb-container gb-container-92d7e01b\">\n\n<h2 class=\"gb-headline gb-headline-89b39a64 gb-headline-text\"><strong>PROSPECTO<\/strong><\/h2>\n\n\n\n<p class=\"gb-headline gb-headline-eb352c9e gb-headline-text\">2060 2<sup>Dakota del Norte<\/sup>&nbsp;Calle.<br>Oroville, CA 95966<\/p>\n\n\n\n<figure class=\"gb-block-image gb-block-image-6f6e77cd\"><img loading=\"lazy\" decoding=\"async\" width=\"400\" height=\"300\" class=\"gb-image gb-image-6f6e77cd\" src=\"https:\/\/ecenter.org\/wp-content\/uploads\/2023\/09\/Toddler_Classroom.png\" alt=\"\" title=\"Aula_para ni\u00f1os peque\u00f1os\" srcset=\"https:\/\/ecenter.org\/wp-content\/uploads\/2023\/09\/Toddler_Classroom.png 400w, https:\/\/ecenter.org\/wp-content\/uploads\/2023\/09\/Toddler_Classroom-300x225.png 300w, https:\/\/ecenter.org\/wp-content\/uploads\/2023\/09\/Toddler_Classroom-16x12.png 16w\" sizes=\"auto, (max-width: 400px) 100vw, 400px\" \/><\/figure>\n\n\n\n<ul class=\"wp-block-list\">\n<li>Base del centro para beb\u00e9s y ni\u00f1os peque\u00f1os SIN COSTO&nbsp;<\/li>\n\n\n\n<li>SIN COSTO Prenatal y 0-3 Home Base&nbsp;<\/li>\n<\/ul>\n\n<\/div>\n\n<div class=\"gb-container gb-container-087cec01\">\n\n<h2 class=\"gb-headline gb-headline-f957af6d gb-headline-text\"><strong><strong>CALLE DE LOS P\u00c1JAROS<\/strong><\/strong><\/h2>\n\n\n\n<p class=\"gb-headline gb-headline-679fb01f gb-headline-text\">1421 Ave St.<br>Oroville, CA 95965<\/p>\n\n\n\n<figure class=\"gb-block-image gb-block-image-ebbe98d0\"><img loading=\"lazy\" decoding=\"async\" width=\"400\" height=\"300\" class=\"gb-image gb-image-ebbe98d0\" src=\"https:\/\/ecenter.org\/wp-content\/uploads\/2023\/09\/Bird_Street_Construction.png\" alt=\"\" title=\"Construcci\u00f3n_de_la_calle_de_p\u00e1jaros\" srcset=\"https:\/\/ecenter.org\/wp-content\/uploads\/2023\/09\/Bird_Street_Construction.png 400w, https:\/\/ecenter.org\/wp-content\/uploads\/2023\/09\/Bird_Street_Construction-300x225.png 300w, https:\/\/ecenter.org\/wp-content\/uploads\/2023\/09\/Bird_Street_Construction-16x12.png 16w\" sizes=\"auto, (max-width: 400px) 100vw, 400px\" \/><\/figure>\n\n\n\n<ul class=\"wp-block-list\">\n<li>Base Centro AM Preescolar SIN COSTO&nbsp;<\/li>\n\n\n\n<li>Base del Centro PM Preescolar SIN COSTO&nbsp;<\/li>\n\n\n\n<li>Base de Centro de D\u00eda Extendido Preescolar SIN COSTO&nbsp;<\/li>\n\n\n\n<li>Preescolar D\u00eda Completo SIN COSTO<\/li>\n\n\n\n<li>Base del centro para beb\u00e9s y ni\u00f1os peque\u00f1os SIN COSTO\/BAJO COSTO<\/li>\n<\/ul>\n\n<\/div>\n\n<div class=\"gb-container gb-container-0a17c90a\">\n\n<h2 class=\"gb-headline gb-headline-e640ba8a gb-headline-text\"><strong><strong>Gridley Oeste<\/strong><\/strong><\/h2>\n\n\n\n<p class=\"gb-headline gb-headline-c8df73cf gb-headline-text\">Calle Washington 295<br>Gridley, CA 95948<\/p>\n\n\n\n<figure class=\"gb-block-image gb-block-image-b1376938\"><img loading=\"lazy\" decoding=\"async\" width=\"264\" height=\"198\" class=\"gb-image gb-image-b1376938\" src=\"https:\/\/ecenter.org\/wp-content\/uploads\/2023\/09\/Gridley_West_Pic.png\" alt=\"\" title=\"Gridley_West_Pic\" srcset=\"https:\/\/ecenter.org\/wp-content\/uploads\/2023\/09\/Gridley_West_Pic.png 264w, https:\/\/ecenter.org\/wp-content\/uploads\/2023\/09\/Gridley_West_Pic-16x12.png 16w\" sizes=\"auto, (max-width: 264px) 100vw, 264px\" \/><\/figure>\n\n\n\n<ul class=\"wp-block-list\">\n<li>Base Centro AM Preescolar SIN COSTO&nbsp;&nbsp;<\/li>\n\n\n\n<li>Base del Centro PM Preescolar SIN COSTO&nbsp;<\/li>\n\n\n\n<li>Jornada Extendida Preescolar SIN COSTO&nbsp;<\/li>\n<\/ul>\n\n<\/div>\n<\/div>\n<\/div>","protected":false},"excerpt":{"rendered":"<p>Servicios de Oroville-Gridley Head Start En los programas base de hogar y centro de desarrollo infantil de 0 a 3 a\u00f1os, las familias aprenden sobre: En el programa Head Start (de 3 a 5 a\u00f1os), los ni\u00f1os recibir\u00e1n los siguientes servicios: Bienvenido a 2 de los muchos centros \u00a1Tenemos en el \u00e1rea del condado de Butte! Si est\u00e1 interesado en aplicar HAGA CLIC AQU\u00cd PROSPECT 2060\u2026 <\/p>\n<p class=\"read-more-container\"><a title=\"Servicios de Head Start de Oroville-Gridley\" class=\"read-more button\" href=\"https:\/\/ecenter.org\/es\/oroville-gridley-head-start-services\/#more-1164\" aria-label=\"Read more about Oroville-Gridley Head Start Services\">Leer m\u00e1s<\/a><\/p>","protected":false},"author":1,"featured_media":0,"parent":0,"menu_order":0,"comment_status":"closed","ping_status":"closed","template":"","meta":{"_acf_changed":false,"_seopress_robots_primary_cat":"","_seopress_titles_title":"","_seopress_titles_desc":"","_seopress_robots_index":"","footnotes":""},"class_list":{"0":"post-1164","1":"page","2":"type-page","3":"status-publish","5":"no-featured-image-padding"},"acf":[],"_links":{"self":[{"href":"https:\/\/ecenter.org\/es\/wp-json\/wp\/v2\/pages\/1164","targetHints":{"allow":["GET"]}}],"collection":[{"href":"https:\/\/ecenter.org\/es\/wp-json\/wp\/v2\/pages"}],"about":[{"href":"https:\/\/ecenter.org\/es\/wp-json\/wp\/v2\/types\/page"}],"author":[{"embeddable":true,"href":"https:\/\/ecenter.org\/es\/wp-json\/wp\/v2\/users\/1"}],"replies":[{"embeddable":true,"href":"https:\/\/ecenter.org\/es\/wp-json\/wp\/v2\/comments?post=1164"}],"version-history":[{"count":4,"href":"https:\/\/ecenter.org\/es\/wp-json\/wp\/v2\/pages\/1164\/revisions"}],"predecessor-version":[{"id":1179,"href":"https:\/\/ecenter.org\/es\/wp-json\/wp\/v2\/pages\/1164\/revisions\/1179"}],"wp:attachment":[{"href":"https:\/\/ecenter.org\/es\/wp-json\/wp\/v2\/media?parent=1164"}],"curies":[{"name":"wp","href":"https:\/\/api.w.org\/{rel}","templated":true}]}}

<div class="gb-container gb-container-3f682b62 gb-container-default">
<div class="gb-container gb-container-b31eedb1">

<figure class="gb-block-image gb-block-image-5ee76de1"><img loading="lazy" decoding="async" width="300" height="173" class="gb-image gb-image-5ee76de1" src="https://ecenter.org/wp-content/uploads/2023/09/Head-Start-Logo-300x173.png" alt="" title="Logotipo de Head Start" srcset="https://ecenter.org/wp-content/uploads/2023/09/Head-Start-Logo-300x173.png 300w, https://ecenter.org/wp-content/uploads/2023/09/Head-Start-Logo-18x10.png 18w, https://ecenter.org/wp-content/uploads/2023/09/Head-Start-Logo-500x288.png 500w, https://ecenter.org/wp-content/uploads/2023/09/Head-Start-Logo.png 600w" sizes="auto, (max-width: 300px) 100vw, 300px" /></figure>



<h1 class="gb-headline gb-headline-16c798a5 gb-headline-text gb-headline-hero-headline">Servicios de Head Start de Oroville-Gridley</h1>

</div>
</div>

<div class="gb-container gb-container-f7bd305b gb-container-callout">
<div class="gb-container gb-container-51eb91e3 gb-container-offset-left">
<div class="gb-container gb-container-ca573ad0 gb-container-default">

<h2 class="gb-headline gb-headline-28f8236f gb-headline-text">En los Programas Base Hogar y Centro de Desarrollo Infantil 0-3, las familias aprenden sobre:</h2>



<ul class="wp-block-list">
<li>Salud, nutrición y servicios sociales.</li>



<li>Prácticas y estrategias de crianza positiva</li>



<li>Compromiso familiar</li>



<li>grupos de juego familiar</li>



<li>Preparación escolar</li>



<li>Establecimiento de objetivos y actividades para alcanzar esos objetivos.</li>
</ul>

</div>
</div>

<div class="gb-container gb-container-66deeee5 gb-container-offset-right">

<figure class="gb-block-image gb-block-image-f96d157c"><img loading="lazy" decoding="async" width="462" height="616" class="gb-image gb-image-f96d157c inset-left  gb-image-default" src="https://ecenter.org/wp-content/uploads/2023/09/CCTR_Pic.jpg" alt="" title="CCTR_Foto" srcset="https://ecenter.org/wp-content/uploads/2023/09/CCTR_Pic.jpg 462w, https://ecenter.org/wp-content/uploads/2023/09/CCTR_Pic-225x300.jpg 225w, https://ecenter.org/wp-content/uploads/2023/09/CCTR_Pic-9x12.jpg 9w" sizes="auto, (max-width: 462px) 100vw, 462px" /></figure>

</div>
</div>

<div class="gb-container gb-container-da7375c5">
<div class="gb-container gb-container-59787dd6 gb-container-default">

<h3 class="gb-headline gb-headline-0a370a04 gb-headline-text gb-headline-h2">En el programa Head Start (de 3 a 5 años), los niños recibirán los siguientes servicios:</h3>



<ul class="wp-block-list">
<li>Preparación escolar; compromiso familiar</li>



<li>Salud, nutrición y servicios sociales.</li>



<li>4-5 sesiones por semana</li>



<li>Entorno educativo de alta calidad y lleno de diversión.</li>



<li>Clases pequeñas y alta proporción de personal por niño</li>



<li>Aprendizaje práctico</li>
</ul>



<h3 class="gb-headline gb-headline-54ba84b6 gb-headline-text gb-headline-h3">¡Bienvenido a 2 de los muchos centros que tenemos en el área del condado de Butte!</h3>



<p>Si estás interesado en aplicar <a href="https://ecenter.org/es/apply-for-services/" data-type="page" data-id="18">HAGA CLIC AQUÍ</a></p>

</div>
</div>

<div class="gb-container gb-container-477ab178">
<div class="gb-container gb-container-c049e3e4 gb-container-default">
<div class="gb-container gb-container-92d7e01b">

<h2 class="gb-headline gb-headline-89b39a64 gb-headline-text"><strong>PROSPECTO</strong></h2>



<p class="gb-headline gb-headline-eb352c9e gb-headline-text">2060 2<sup>Dakota del Norte</sup>&nbsp;Calle.<br>Oroville, CA 95966</p>



<figure class="gb-block-image gb-block-image-6f6e77cd"><img loading="lazy" decoding="async" width="400" height="300" class="gb-image gb-image-6f6e77cd" src="https://ecenter.org/wp-content/uploads/2023/09/Toddler_Classroom.png" alt="" title="Aula_para niños pequeños" srcset="https://ecenter.org/wp-content/uploads/2023/09/Toddler_Classroom.png 400w, https://ecenter.org/wp-content/uploads/2023/09/Toddler_Classroom-300x225.png 300w, https://ecenter.org/wp-content/uploads/2023/09/Toddler_Classroom-16x12.png 16w" sizes="auto, (max-width: 400px) 100vw, 400px" /></figure>



<ul class="wp-block-list">
<li>Base del centro para bebés y niños pequeños SIN COSTO&nbsp;</li>



<li>SIN COSTO Prenatal y 0-3 Home Base&nbsp;</li>
</ul>

</div>

<div class="gb-container gb-container-087cec01">

<h2 class="gb-headline gb-headline-f957af6d gb-headline-text"><strong><strong>CALLE DE LOS PÁJAROS</strong></strong></h2>



<p class="gb-headline gb-headline-679fb01f gb-headline-text">1421 Ave St.<br>Oroville, CA 95965</p>



<figure class="gb-block-image gb-block-image-ebbe98d0"><img loading="lazy" decoding="async" width="400" height="300" class="gb-image gb-image-ebbe98d0" src="https://ecenter.org/wp-content/uploads/2023/09/Bird_Street_Construction.png" alt="" title="Construcción_de_la_calle_de_pájaros" srcset="https://ecenter.org/wp-content/uploads/2023/09/Bird_Street_Construction.png 400w, https://ecenter.org/wp-content/uploads/2023/09/Bird_Street_Construction-300x225.png 300w, https://ecenter.org/wp-content/uploads/2023/09/Bird_Street_Construction-16x12.png 16w" sizes="auto, (max-width: 400px) 100vw, 400px" /></figure>



<ul class="wp-block-list">
<li>Base Centro AM Preescolar SIN COSTO&nbsp;</li>



<li>Base del Centro PM Preescolar SIN COSTO&nbsp;</li>



<li>Base de Centro de Día Extendido Preescolar SIN COSTO&nbsp;</li>



<li>Preescolar Día Completo SIN COSTO</li>



<li>Base del centro para bebés y niños pequeños SIN COSTO/BAJO COSTO</li>
</ul>

</div>

<div class="gb-container gb-container-0a17c90a">

<h2 class="gb-headline gb-headline-e640ba8a gb-headline-text"><strong><strong>Gridley Oeste</strong></strong></h2>



<p class="gb-headline gb-headline-c8df73cf gb-headline-text">Calle Washington 295<br>Gridley, CA 95948</p>



<figure class="gb-block-image gb-block-image-b1376938"><img loading="lazy" decoding="async" width="264" height="198" class="gb-image gb-image-b1376938" src="https://ecenter.org/wp-content/uploads/2023/09/Gridley_West_Pic.png" alt="" title="Gridley_West_Pic" srcset="https://ecenter.org/wp-content/uploads/2023/09/Gridley_West_Pic.png 264w, https://ecenter.org/wp-content/uploads/2023/09/Gridley_West_Pic-16x12.png 16w" sizes="auto, (max-width: 264px) 100vw, 264px" /></figure>



<ul class="wp-block-list">
<li>Base Centro AM Preescolar SIN COSTO&nbsp;&nbsp;</li>



<li>Base del Centro PM Preescolar SIN COSTO&nbsp;</li>



<li>Jornada Extendida Preescolar SIN COSTO&nbsp;</li>
</ul>

</div>
</div>
</div>

<p>Servicios de Oroville-Gridley Head Start En los programas base de hogar y centro de desarrollo infantil de 0 a 3 años, las familias aprenden sobre: En el programa Head Start (de 3 a 5 años), los niños recibirán los siguientes servicios: Bienvenido a 2 de los muchos centros ¡Tenemos en el área del condado de Butte! Si está interesado en aplicar HAGA CLIC AQUÍ PROSPECT 2060… </p>
<p class="read-more-container"><a title="Servicios de Head Start de Oroville-Gridley" class="read-more button" href="https://ecenter.org/es/oroville-gridley-head-start-services/#more-1164" aria-label="Read more about Oroville-Gridley Head Start Services">Leer más</a></p>
